 Does 11 divide l(-1)?
False
Let h(i) = i**3 + 7*i**2 - i - 4. Does 3 divide h(-6)?
False
Let q(v) = -2 + 14*v + 16*v - 10*v + 1. Let a be q(-1). Let r = a + 71. Does 16 divide r?
False
Does 20 divide (-41)/(-1) + 4/(-4)?
True
Suppose h - 31 + 10 = 0. Is h a multiple of 7?
True
Let g = 30 + -15. Is 3 a factor of g?
True
Let p be 1/5 - 1/5. Suppose 4*u + p*u = 136. Is 13 a factor of u?
False
Suppose -d = 19 + 35. Let w = d + 92. Suppose -4*s - 2 = h - 0, -4*s = -5*h + w. Is 3 a factor of h?
True
Suppose 56 = -o + 2*o. Suppose 5*z - 2*m - o + 7 = 0, -7 = -z - m. Does 3 divide z?
True
Let g = 0 - -5. Suppose 0 = -9*d + g*d + 88. Does 13 divide d?
False
Suppose -2*k + 145 = 3*k. Does 12 divide k?
False
Suppose 5*t + 130 = 5*u, -u + 5*t = -5*u + 59. Suppose 3*d = 9 + u. Is 11 a factor of ((-15)/d)/((-3)/56)?
False
Suppose -t - 10 = -0*t. Is 4 a factor of (8/t)/(15/(-450))?
True
Let s(b) = 7*b. Let o(l) = -14*l. Let g(u) = 4*o(u) + 10*s(u). Is 5 a factor of g(1)?
False
Suppose -4*o + 4*u = 151 - 1351, 3*o - 915 = -2*u. Is 9 a factor of o?
False
Suppose 0*k + 4*l = 5*k + 8, 0 = 2*k - 5*l + 10. Suppose -26 = -5*u + 144. Suppose 3*s - u + 10 = k. Does 6 divide s?
False
Let y(z) = 3*z + 1. Does 7 divide y(2)?
True
Suppose -d = -4*k + 10, 4*k + 1 = 3*d + 7. Suppose -l = -5*v - 5, d - 6 = -l + 4*v. Let s = 16 - l. Is 6 a factor of s?
False
Let u = -6 - -8. Does 21 divide 747/36 - u/(-8)?
True
Let u(b) = 561*b**2. Let a(c) = -28*c**2. Let v(y) = 119*a(y) + 6*u(y). Does 17 divide v(1)?
True
Let c = -154 - -217. Does 11 divide c?
False
Let r(s) = 3*s + 1. Let w be r(-3). Let d(x) = -3*x + 3. Does 14 divide d(w)?
False
Is 8 a factor of (3/(-6))/(6/(-156))?
False
Let s(d) = d**3 - 10*d**2 + 9*d + 5. Let m be s(9). Is 13 a factor of (-9)/(-45) - (-194)/m?
True
Let c = 11 - 6. Suppose -5*o = -c*x - 50, 0*x = -o - 4*x - 10. Does 4 divide ((-3)/9 - -2)*o?
False
Suppose 4*s = -140 + 384. Let z = -31 + s. Does 17 divide z?
False
Let w(n) be the first derivative of n**4/4 + 4*n**3/3 + 4*n + 1. Let a be w(-4). Suppose 0 = -a*t + 70 + 18. Is t a multiple of 11?
True
Is 156/7 - 2/7 a multiple of 6?
False
Let o be (-19)/4*(-4 - 0). Suppose 5*v - 6*v = -o. Is v a multiple of 19?
True
Let q = 21 - 13. Is q even?
True
Suppose -9 = 2*u + 21. Let z be 1*-1 + u/3. Does 12 divide (-98)/z + (-2)/6?
False
Is 24 a factor of (-4 + 117/(-6))*-2?
False
Suppose -9 = -3*i, 2*i = 3*p - 2*i - 75. Is 29 a factor of p?
True
Suppose -f = -3*v + 60, 4 + 36 = 2*v - 4*f. Is v a multiple of 10?
True
Suppose u = -u + 3*p + 11, -2*p = -2*u + 8. Suppose 3*r - 4*h = 13 + u, 0 = 3*r + 3*h - 21. Is 3 a factor of r?
True
Let v(w) = w**3 + 6*w**2 + 5*w + 6. Let q be v(-4). Suppose q = 5*y - 127. Does 23 divide y?
False
Let f(l) = l**2 - l. Is f(3) a multiple of 2?
True
Let y be -2 + 5 + 0/(-1). Suppose -4*t = -0*s - y*s - 5, 0 = -2*t - s + 15. Is 5 a factor of t?
True
Let b = -19 - -37. Is b a multiple of 6?
True
Let j(m) be the third derivative of m**8/20160 + m**6/720 + m**5/20 - 3*m**2. Let x(w) be the third derivative of j(w). Does 11 divide x(-5)?
False
Suppose -10 = 2*y - 2*v, -y + 0*v = -4*v + 5. Let j = y - -8. Does 3 divide j?
True
Let n(u) = -u**3 - u**2 - u. Does 13 divide n(-4)?
True
Suppose -k - 4*k = -4*s - 33, 4*k + 5*s - 10 = 0. Suppose n = 6*n - k. Does 12 divide n - ((1 - 1) + -23)?
True
Let h be -4 + (-6)/2 + 5. Let g be 1/h*(-1 - 163). Suppose -223 = -5*v - 4*a, -2*v + 0*v + g = -2*a. Is v a multiple of 12?
False
Let x be 3 + (-18)/3 - -2. Let i = x - -1. Suppose 3*l + 2*w - 102 = -i*l, -l + 24 = 4*w. Does 12 divide l?
True
Suppose 3*m + 40 = 5*m + 2*c, 5*m - 3*c = 60. Suppose 0 = 3*g - 0*g + 36. Is 11 a factor of (g/m)/((-2)/45)?
False
Does 16 divide (-9 - -1)/((-9)/450)?
True
Let s(t) = -11*t - 5. Let z be s(6). Let m(c) = -27*c**2 - 2*c - 1. Let v be m(2). Let l = z - v. Does 14 divide l?
True
Let d(f) = 2*f**3 - 3*f**2 - 6. Is d(3) a multiple of 5?
False
Suppose 5*r + 11 = -h + 3*h, -2*r - 8 = -2*h. Does 2 divide h?
False
Let w = 100 - 67. Is w a multiple of 20?
False
Let f = 123 + -100. Is 6 a factor of f?
False
Suppose -2*x + 68 = 2*x. Let k = -11 + x. Suppose -m + k = -11. Is m a multiple of 7?
False
Let o(d) = d**3 - d**2 - 5*d + 1. Let h = 11 - 7. Is 15 a factor of o(h)?
False
Let t = 2 - 8. Let j(b) = -7*b**2 - 9*b - 5. Let m(w) = 6*w**2 + 8*w + 5. Let u(l) = 5*j(l) + 6*m(l). Does 15 divide u(t)?
False
Let l = 9 + -6. Suppose z + l*m + 24 = 0, 2*m + 3*m = -2*z - 46. Let r = -5 - z. Is r a multiple of 5?
False
Let x = 146 + -69. Is 14 a factor of x?
False
Let b be (-2)/(-3) - (-62)/6. Suppose 0 = 3*y - 2*y - b. Is y a multiple of 5?
False
Suppose 10 = 5*h + 85. Let z = h - -24. Is 2 a factor of z?
False
Suppose 4*m = 3*m - 3. Let b(q) = 4*q + 3. Let h be b(m). Is (-3)/h*66/2 a multiple of 6?
False
Let g(p) = 5*p - 32. Is 12 a factor of g(16)?
True
Let a(j) = -j**3 + 18*j**2 + j - 7. Is 4 a factor of a(18)?
False
Let k = -2 + 6. Suppose -5*r + 4*i + 7 = 0, k*i + i = -3*r + 19. Suppose 2*b + 20 = 5*b + 5*n, 2*b + r*n - 15 = 0. Is b a multiple of 12?
False
Let f(j) = j**2 - j + 2. Is 14 a factor of f(-3)?
True
Suppose -3*a + 120 - 18 = 0. Is 7 a factor of a?
False
Let x = -12 - -19. Let k(l) = -2 - 4 + x + 3*l. Is k(2) a multiple of 5?
False
Let c be (-6)/3 + 5 + 0. Suppose 5*b - 60 = c*b. Is b a multiple of 10?
True
Let j = -39 - -73. Does 10 divide j?
False
Let t(q) = -q**3 + 5*q**2 - q + 6. Let d be t(5). Let v be d*(6/3 - 1). Is v*(2 - 3)*-2 a multiple of 2?
True
Let m = 22 + 12. Suppose -2 = -4*w + m. Is 9 a factor of w?
True
Suppose 10*p + 78 = 1158. Is p a multiple of 18?
True
Let z be 1/(16/18 - 1). Let v be (-299)/9 + (-2)/z. Is ((-48)/9)/4*v a multiple of 16?
False
Suppose -5*q + 2*q = 3. Let j = q + 6. Is 5 a factor of j?
True
Let b = 2 - -2. Suppose 3*v + b = 4*v. Suppose -v*t = t - 25. Is t a multiple of 2?
False
Let t(s) = -s**3 + 5*s**2 - 5*s + 4. Let o be t(3). Let r(l) = l - 1. Is r(o) a multiple of 4?
False
Let j = 0 - -2. Let x = -12 + 17. Suppose 4*m = 2*t - 38, 3*t - x*m = j*t + 10. Is 16 a factor of t?
False
Is 3 a factor of (-669)/(-21) + (-4 - (-29)/7)?
False
Let g(a) be the first derivative of -9*a**4/4 - a**3/3 + a - 3. Suppose 0*h + 1 = -h. Does 3 divide g(h)?
True
Let x = -8 - -17. Is 3 a factor of x?
True
Suppose -2*w + 5*g = 95, 0*w + 227 = -5*w + 2*g. Let x be ((-4)/(-6))/((-10)/w). Suppose d - 42 = -7*r + 5*r, x*r - 6 = 0. Is d a multiple of 12?
False
Let n(h) = 7*h + 1. Let s(o) = o - 1. Let g(v) = n(v) - 6*s(v). Let d be g(-7). Suppose 2*p + 0*p - 72 = d. Does 18 divide p?
True
Suppose -2*w + 8*w = 144. Suppose -5*s - 1 + w = -4*b, 3 = b. Does 3 divide s?
False
Let y(k) = -k - 1. Let v be y(0). Let m be ((-2)/(-4))/(v/(-92)). Is 23 a factor of 1*-3*m/(-6)?
True
Suppose -4*a + 7*d - 2*d = -1, -5*a + 4*d = -8. Suppose 0 = -6*v + a*v + 40. Does 14 divide v?
False
Let j(f) = -8*f - 5. Is j(-4) a multiple of 27?
True
Let v(f) = -f**3 + f**2 - f + 24. Let m be v(0). Suppose 0 = d - m + 3. Suppose 0 = 2*p - 4*q - d - 83, 4*p - 186 = -3*q. Does 14 divide p?
False
Suppose -5*a = -0*a - 735. Suppose 0 = -o - 2*l - 6, -3*o = o + 5*l + 9. Suppose o*f - a = f. Does 21 divide f?
False
Suppose -3*l = -12, -166 = -6*t + 3*t - 4*l. Suppose -2*w + 3*w - t = 0. Does 20 divide w?
False
Suppose -795 = -5*u - 3*w, 0 = u - 3*w + 8*w - 137. Does 27 divide u?
True
Is (-309)/(-6) - (-3)/(-6) a multiple of 3?
True
Let i = 3 - 1. Suppose 5 = w + i*w + 4*x, -2*x - 8 = 0. Does 3 divide w?
False
Suppose -y = -2*v - 2*v + 9, -4*v = -20. Suppose -3*w - 2*w = -45. Let x = w + y. Does 10 divide x?
True
Let c be (0 - 1)*24/(-6). Let m(n) = n**3 - n**2 + n + 70. Let w be m(0). Suppose 4*i - w = -p + i, -c = -4*i. Is 17 a factor of p?
False
Let f(k) = -2*k - 1. Let h(j) = j - 1. Let s = 4 - 1. Let y(l) = s*h(l) + 3*f(l). Does 15 divide y(-7)?
True
Let q = -7 - -11. Let w be (-1 + 0)*-1*2. Suppose 90 = q*x + 2*m, 5*m - 115 = -3*x - w*x. Is 13 a factor of x?
False
Let y = -62 - -109. Suppose 4*v = 4*o - 6*o + 34, 4*o - y = -v. Does 11 divide o?
True
Let v be (27/12)/(6/16). Suppose -3*z = -z - v. Let b = 19 - z. Does 8 divide b?
True
Is (-5 - -5) + (19 - (3 + -2)) a multiple of 6?
True
Does 4 divide -10*(28/(-10) + 2)?
True
Let s = 1 + -1. Suppose 4*x - 3*p - 151 + 36 = s, 26 =